 96 a factor of 6348480?
True
Is 82691362 a multiple of 698?
True
Is 11 a factor of 362980106?
False
Is 39082804 a multiple of 68?
False
Is 4022174 a multiple of 26?
True
Is 187013778 a multiple of 4039?
True
Is 4 a factor of 28322913?
False
Does 66 divide 37153116?
True
Is 66 a factor of 13643883?
False
Does 4010 divide 812286626?
False
Is 2132432145 a multiple of 4665?
True
Is 55 a factor of 11217334?
False
Is 4 a factor of 528311268?
True
Does 1356 divide 1509419196?
True
Is 30 a factor of 398371138?
False
Is 3 a factor of 95054877?
True
Does 10 divide 347700510?
True
Does 270 divide 58312980?
True
Is 748438039 a multiple of 17?
True
Is 22 a factor of 32584847?
False
Is 13 a factor of 824290025?
True
Is 434207136 a multiple of 444?
True
Does 63 divide 8109409?
False
Is 503 a factor of 29621167?
True
Is 72773415 a multiple of 645?
True
Is 13343117 a multiple of 527?
False
Is 7 a factor of 21542864?
True
Is 9471824 a multiple of 308?
False
Does 26 divide 23543364?
True
Is 829762705 a multiple of 2034?
False
Is 1631 a factor of 19359360?
False
Does 11 divide 243181498?
False
Is 39 a factor of 2582736?
True
Is 50311892 a multiple of 3960?
False
Does 120 divide 1174374821?
False
Does 34 divide 614878?
False
Is 2856997934 a multiple of 119?
True
Is 395558016 a multiple of 8?
True
Is 19037608 a multiple of 194?
True
Is 326 a factor of 926890317?
False
Is 31574541 even?
False
Is 2672 a factor of 172218004?
False
Is 3415960 a multiple of 230?
True
Is 750508308 a multiple of 484?
True
Does 1920 divide 183888000?
True
Is 46 a factor of 186750826?
False
Is 1655735340 a multiple of 33?
False
Is 9 a factor of 150793578?
True
Is 122593629 a multiple of 584?
False
Is 604 a factor of 603691136?
False
Is 88002419 a multiple of 3?
False
Is 12 a factor of 23139297?
False
Is 39082758 a multiple of 11?
True
Is 15 a factor of 75271875?
True
Is 165483538 a multiple of 4190?
False
Is 204273302 a multiple of 1056?
False
Does 123 divide 1075988?
False
Is 2969280 a multiple of 80?
True
Is 80270713 a multiple of 2207?
False
Is 567496861 a multiple of 1249?
False
Is 88504 a multiple of 1196?
True
Is 5 a factor of 22292669?
False
Does 78 divide 1928004?
True
Does 17 divide 389075923?
True
Does 17 divide 632811927?
True
Does 39 divide 37064040?
True
Is 7 a factor of 120926624?
True
Is 6 a factor of 62657852?
False
Is 42 a factor of 44644992?
True
Does 16 divide 91819998?
False
Is 60 a factor of 923274361?
False
Is 21405335 a multiple of 3?
False
Does 55 divide 1259995?
True
Does 2659 divide 125693589?
True
Does 31 divide 27077663?
True
Is 844 a factor of 39811702?
False
Is 103767840 a multiple of 33?
True
Does 1470 divide 305879070?
True
Is 84 a factor of 6043039632?
True
Does 46 divide 578654885?
False
Is 6 a factor of 445039495?
False
Does 2065 divide 104946518?
False
Is 216134575 a multiple of 3475?
True
Does 3 divide 1343751?
True
Is 4 a factor of 686336275?
False
Does 170 divide 5707316?
False
Is 490254885 a multiple of 141?
True
Is 165844647 a multiple of 801?
True
Is 200 a factor of 15845260?
False
Does 2783 divide 5028015567?
False
Is 31899504 a multiple of 16?
True
Does 11 divide 4985479?
False
Does 9 divide 87827556?
False
Is 955 a factor of 153263175?
True
Is 2193387003 a multiple of 101?
True
Is 3141792 a multiple of 161?
False
Is 418 a factor of 32419293?
False
Is 509020809 a multiple of 1031?
False
Is 8 a factor of 46460680?
True
Is 3238 a factor of 2076668634?
True
Is 18 a factor of 1082946739?
False
Does 87 divide 4874544?
False
Does 9 divide 112866561?
True
Does 3503 divide 575797178?
False
Is 2159 a factor of 160210754?
True
Does 15 divide 10892520?
True
Does 302 divide 79564014?
True
Does 424 divide 347677235?
False
Does 24 divide 44115044?
False
Is 24 a factor of 467655743?
False
Is 194 a factor of 574434?
True
Is 561950532 a multiple of 468?
True
Does 173 divide 24814113?
False
Does 1948 divide 650563085?
False
Is 30 a factor of 102319499?
False
Is 12 a factor of 21320354?
False
Is 2884 a factor of 20773452?
True
Is 2402524894 a multiple of 3538?
True
Does 37 divide 117482992?
True
Is 171617776 a multiple of 1047?
False
Is 133860740 a multiple of 260?
True
Is 788217548 a multiple of 4452?
False
Is 260694081 a multiple of 78?
False
Does 3 divide 480367992?
True
Is 57215754 a multiple of 433?
True
Does 555 divide 320790?
True
Is 3733 a factor of 496369632?
False
Does 24 divide 31303920?
True
Is 38059115 a multiple of 20?
False
Is 1797 a factor of 188692948?
False
Is 338612 a multiple of 12?
False
Is 32245708 a multiple of 139?
False
Is 31 a factor of 18535309?
False
Does 197 divide 5624934904?
False
Is 20 a factor of 266001480?
True
Does 647 divide 31692001?
True
Is 5032348 a multiple of 20?
False
Is 541998896 a multiple of 17?
True
Is 2557283 a multiple of 3466?
False
Is 880963800 a multiple of 680?
True
Is 22 a factor of 12406768?
True
Is 810675792 a multiple of 124?
True
Is 24322980 a multiple of 20?
True
Does 6 divide 78309108?
True
Is 33696699 even?
False
Is 105 a factor of 12722640?
True
Is 18 a factor of 979715738?
False
Is 314299513 a multiple of 5832?
False
Does 15 divide 230216670?
True
Does 8875 divide 1117327000?
True
Is 1454 a factor of 2325850631?
False
Does 18 divide 32727474?
True
Is 16393296 a multiple of 16?
True
Is 554406508 a multiple of 1343?
False
Is 618 a factor of 451878981?
False
Is 29111859 a multiple of 621?
True
Does 319 divide 30165738?
False
Is 1895435967 a multiple of 96?
False
Is 2603579688 a multiple of 9?
True
Is 11187 a factor of 3291249238?
False
Is 3182 a factor of 165155424?
False
Is 33 a factor of 416796778?
False
Is 374 a factor of 2180774926?
True
Is 6 a factor of 9923668?
False
Is 41987218 a multiple of 1274?
True
Does 260 divide 211485560?
True
Is 167879941 a multiple of 2890?
False
Does 119 divide 2594855636?
False
Does 901 divide 330198480?
True
Is 4896 a factor of 1328656896?
True
Is 94592784 a multiple of 8?
True
Does 241 divide 49377526?
True
Is 65142460 a multiple of 382?
True
Is 435069338 a multiple of 181?
True
Is 6 a factor of 231052560?
True
Is 48 a factor of 507620256?
True
Is 6 a factor of 628112868?
True
Is 10166204 a multiple of 556?
False
Is 3986 a factor of 69289648?
False
Does 53 divide 15076486?
True
Is 1483460614 a multiple of 353?
True
Is 13874470 a multiple of 12?
False
Is 653489232 a multiple of 528?
True
Is 3096768 a multiple of 1016?
True
Is 778 a factor of 201005636?
True
Does 169 divide 20301811?
False
Is 137041 a multiple of 72?
False
Does 51 divide 5171298?
True
Is 7 a factor of 293882169?
True
Does 67 divide 164529524?
False
Does 1076 divide 1044757558?
False
Is 19723489 a multiple of 1279?
False
Is 785933476 a multiple of 99?
False
Is 26314 even?
True
Does 6279 divide 418036983?
True
Does 1611 divide 3199407336?
True
Is 719 a factor of 30952936?
False
Is 138 a factor of 40193151?
False
Is 38033488 a multiple of 1072?
True
Is 61053281 a multiple of 13?
False
Does 14 divide 336181272?
True
Is 601322535 a multiple of 645?
True
Is 11 a factor of 159556518?
True
Is 5 a factor of 12133490?
True
Is 115 a factor of 34434335?
True
Is 3 a factor of 764867?
False
Does 74 divide 19337754?
True
Does 7 divide 51133306?
True
Does 163 divide 275803335?
True
Is 289 a factor of 1986950718?
True
Does 14 divide 28482580?
True
Is 153 a factor of 123251252?
False
Is 74 a factor of 55052596?
True
Is 140081267 a multiple of 10?
False
Does 23 divide 74053859?
True
Is 36 a factor of 56561112?
True
Is 669894315 a multiple of 2895?
True
Is 61907268 a multiple of 102?
True
Is 604842166 a multiple of 3344?
False
Does 27 divide 39245759?
False
Is 11 a factor of 101946983?
False
Is 8841536 a multiple of 304?
True
Does 1803 divide 417111429?
True
Is 48 a factor of 27189564?
False
Is 165868547 a multiple of 13?
True
Does 140 divide 19393111?
False
Does 14 divide 114588682?
False
Is 30 a factor of 788628?
False
Is 9 a factor of 19968966?
True
Is 18 a factor of 3121943019?
False
Is 288497832 a multiple of 552?
True
Does 11 divide 178553749?
True
Does 2 divide 11518281?
False
Is 852538165 a multiple of 78?
False
Is 288 a factor of 37825056?
True
Is 19061840 a multiple of 292?
False
Is 10 a factor of 784180881?
False
Does 469 divide 47135907?
True
Does 100 divide 7237618?
False
Is 256795242 a multiple of 3278?
Tru